{"id":7747,"date":"2025-04-07T20:14:28","date_gmt":"2025-04-07T18:14:28","guid":{"rendered":"https:\/\/tanzmodernetanz.eu\/?post_type=tribe_events&#038;p=7747"},"modified":"2025-05-03T22:14:53","modified_gmt":"2025-05-03T20:14:53","slug":"silent-temporary-collective-cz-2","status":"publish","type":"tribe_events","link":"https:\/\/tanzmodernetanz.eu\/en\/veranstaltung\/silent-temporary-collective-cz-2\/","title":{"rendered":"SILENT - TEMPORARY COLLECTIVE (CZ)"},"content":{"rendered":"<p>[:de]Bei dieser Audioperformance erh\u00e4lt eine Gruppe von Zuh\u00f6rern im \u00f6ffentlichen Raum f\u00fcr 35 Minuten immer wieder Bewegungs-\/Workout-Anweisungen f\u00fcr K\u00f6rper und Gedanken. Von einer Stimme begonnen und von der n\u00e4chsten fortgesetzt, entsteht so eine Reihe von Stimmen, die zusammen eine Landschaft aus Bewegung entwickeln. Konzipiert als Antwort auf die Pandemie verbindet die Performance die Menschen via Kopfh\u00f6rer und erkundet Fragen nach den Erinnerungen, nach N\u00e4he und danach, ob sich unsere K\u00f6rper in dieser Zeit ver\u00e4ndert haben. Der K\u00f6rper im Raum zwischen Einsamkeit und Teilen. (Die Kopfh\u00f6rern sind vor Ort f\u00fcr Jeden ausleihbar.)<\/p>\n<p><strong>Konzept<\/strong>: Petra Tejnorov\u00e1, Tereza Ondrov\u00e1, Sodja Lotker<br \/>\n<strong>Regie<\/strong>: Petra Tejnorov\u00e1 &amp; Co.<br \/>\n<strong>Gesangschoreographie<\/strong>: Tereza Ondrov\u00e1, Masako Matsushita, Ingvild Isaksen,<br \/>\nPetra Hauerov\u00e1, Sally E. Dean, Fredrik Petrov, Jonathan Ibsen<br \/>\n<strong>Forschung mit K\u00fcnstlern<\/strong>: Matthew, Rogers, Helena Arenbergerov\u00e1, Tom\u00e1\u0161 Janypka<br \/>\n<strong>Technische Produktion:<\/strong> Katar\u00edna Mor\u00e1vek \u010euricov\u00e1<br \/>\n<strong>Tongestaltung<\/strong>: Stanislav Abrah\u00e1m<br \/>\n<strong>Produktion<\/strong>: Tempor\u00e4res Kollektiv \/ Daniela \u0158eh\u00e1kov\u00e1<br \/>\n<strong>Unterst\u00fctzt von:<\/strong> Ministerium f\u00fcr Kultur der Tschechischen Republik, Stadt Prag, Creative Europe<br \/>\n<strong>Dauer<\/strong>: 35 Minuten<\/p>\n<p><strong>Bild:<\/strong>\u00a9Vojt\u011bch Brtnick\u00fd<\/p>\n<p>&nbsp;<\/p>\n<p><em>Das TANZ | MODERNE | TANZ internationales Festival f\u00fcr zeitgen\u00f6ssischen Tanz 2025 ist\u00a0<strong>Programmpartner von Chemnitz 2025<\/strong>.<\/em><\/p>\n<p id=\"block-ac832cf3-445e-40be-a128-67c0a5cad4d0\"><em>Ein Projekt im Rahmen der Kulturhauptstadt Europas Chemnitz 2025. Diese Ma\u00dfnahme wird mitfinanziert durch Steuermittel auf der Grundlage des vom S\u00e4chsischen Landtag beschlossenen Haushaltes und durch Bundesmittel der\u00a0<a href=\"http:\/\/www.kulturstaatsministerin.de\/\">Beauftragten der Bundesregierung f\u00fcr Kultur und Medien.<\/a><\/em><\/p>\n<figure class=\"wp-block-image size-large\"><img loading=\"lazy\" decoding=\"async\" class=\"wp-image-7606\" src=\"https:\/\/tanzmodernetanz.eu\/wp-content\/uploads\/2025\/01\/Logos-Chemnitz2025-2-1024x307.png\" sizes=\"auto, (max-width: 1024px) 100vw, 1024px\" srcset=\"https:\/\/tanzmodernetanz.eu\/wp-content\/uploads\/2025\/01\/Logos-Chemnitz2025-2-1024x307.png 1024w, https:\/\/tanzmodernetanz.eu\/wp-content\/uploads\/2025\/01\/Logos-Chemnitz2025-2-300x90.png 300w, https:\/\/tanzmodernetanz.eu\/wp-content\/uploads\/2025\/01\/Logos-Chemnitz2025-2-768x230.png 768w, https:\/\/tanzmodernetanz.eu\/wp-content\/uploads\/2025\/01\/Logos-Chemnitz2025-2-1536x461.png 1536w, https:\/\/tanzmodernetanz.eu\/wp-content\/uploads\/2025\/01\/Logos-Chemnitz2025-2-2048x614.png 2048w, https:\/\/tanzmodernetanz.eu\/wp-content\/uploads\/2025\/01\/Logos-Chemnitz2025-2-1000x300.png 1000w, https:\/\/tanzmodernetanz.eu\/wp-content\/uploads\/2025\/01\/Logos-Chemnitz2025-2-230x69.png 230w, https:\/\/tanzmodernetanz.eu\/wp-content\/uploads\/2025\/01\/Logos-Chemnitz2025-2-350x105.png 350w, https:\/\/tanzmodernetanz.eu\/wp-content\/uploads\/2025\/01\/Logos-Chemnitz2025-2-480x144.png 480w\" alt=\"\" width=\"574\" height=\"172\" \/><\/figure>\n<p id=\"block-ac832cf3-445e-40be-a128-67c0a5cad4d0\">\n<p>[:en]<span style=\"font-weight: 400;\">In this audio performance, a group of listeners in a public space are repeatedly given movement\/workout instructions for body and mind for 35 minutes. Started by one voice and continued by the next, this multimedia creates a series of voices that together develop a landscape of movement. Conceived as a response to the pandemic, the performance connects people via headphones and explores questions about memory, closeness, and whether our bodies have changed during this time. The performance explores the body&#8217;s space between loneliness and sharing. (Headphones can be borrowed on site for everyone.)<\/span><\/p>\n<p><strong>Concept<\/strong>: Petra Tejnorov\u00e1, Tereza Ondrov\u00e1, Sodja Lotker<br \/>\n<strong>Direction<\/strong>: Petra Tejnorov\u00e1 &amp; Co.<br \/>\n<strong>Vocal choreography<\/strong>: Tereza Ondrov\u00e1, Masako Matsushita, Ingvild Isaksen,<br \/>\nPetra Hauerov\u00e1, Sally E. Dean, Fredrik Petrov, Jonathan Ibsen<br \/>\n<strong>Research with artists<\/strong>: Matthew, Rogers, Helena Arenbergerov\u00e1, Tom\u00e1\u0161 Janypka<br \/>\n<strong>Technical production:<\/strong> Katar\u00edna Mor\u00e1vek \u010euricov\u00e1<br \/>\n<strong>Sound design:<\/strong> Stanislav Abrah\u00e1m<br \/>\n<strong>Production:<\/strong> Temporary Collective \/ Daniela \u0158eh\u00e1kov\u00e1<br \/>\n<strong>Supported by:<\/strong> Ministry of Culture of the Czech Republic, City of Prague, Creative Europe<br \/>\n<strong>Duration:<\/strong> 35 minutes<\/p>\n<p><strong>Image: <\/strong>\u00a9Vojt\u011bch Brtnick\u00fd<\/p>\n<p>&nbsp;<\/p>\n<p><em>Das TANZ | MODERNE | TANZ internationales Festival f\u00fcr zeitgen\u00f6ssischen Tanz 2025 ist <strong>Programmpartner von Chemnitz 2025<\/strong>.<\/em><\/p>\n<p id=\"block-ac832cf3-445e-40be-a128-67c0a5cad4d0\"><em>Ein Projekt im Rahmen der Kulturhauptstadt Europas Chemnitz 2025. Diese Ma\u00dfnahme wird mitfinanziert durch Steuermittel auf der Grundlage des vom S\u00e4chsischen Landtag beschlossenen Haushaltes und durch Bundesmittel der\u00a0<a href=\"http:\/\/www.kulturstaatsministerin.de\/\">Beauftragten der Bundesregierung f\u00fcr Kultur und Medien.<\/a><\/em><\/p>\n<figure class=\"wp-block-image size-large\"><img loading=\"lazy\" decoding=\"async\" class=\"wp-image-7606\" src=\"https:\/\/tanzmodernetanz.eu\/wp-content\/uploads\/2025\/01\/Logos-Chemnitz2025-2-1024x307.png\" sizes=\"auto, (max-width: 1024px) 100vw, 1024px\" srcset=\"https:\/\/tanzmodernetanz.eu\/wp-content\/uploads\/2025\/01\/Logos-Chemnitz2025-2-1024x307.png 1024w, https:\/\/tanzmodernetanz.eu\/wp-content\/uploads\/2025\/01\/Logos-Chemnitz2025-2-300x90.png 300w, https:\/\/tanzmodernetanz.eu\/wp-content\/uploads\/2025\/01\/Logos-Chemnitz2025-2-768x230.png 768w, https:\/\/tanzmodernetanz.eu\/wp-content\/uploads\/2025\/01\/Logos-Chemnitz2025-2-1536x461.png 1536w, https:\/\/tanzmodernetanz.eu\/wp-content\/uploads\/2025\/01\/Logos-Chemnitz2025-2-2048x614.png 2048w, https:\/\/tanzmodernetanz.eu\/wp-content\/uploads\/2025\/01\/Logos-Chemnitz2025-2-1000x300.png 1000w, https:\/\/tanzmodernetanz.eu\/wp-content\/uploads\/2025\/01\/Logos-Chemnitz2025-2-230x69.png 230w, https:\/\/tanzmodernetanz.eu\/wp-content\/uploads\/2025\/01\/Logos-Chemnitz2025-2-350x105.png 350w, https:\/\/tanzmodernetanz.eu\/wp-content\/uploads\/2025\/01\/Logos-Chemnitz2025-2-480x144.png 480w\" alt=\"\" width=\"574\" height=\"172\" \/><\/figure>\n<p>[:]<\/p>\n","protected":false},"excerpt":{"rendered":"<p>[:de]Bei dieser Audioperformance erh\u00e4lt eine Gruppe von Zuh\u00f6rern im \u00f6ffentlichen Raum f\u00fcr 35 Minuten immer wieder Bewegungs-\/Workout-Anweisungen f\u00fcr K\u00f6rper und Gedanken. Von einer Stimme begonnen und von der n\u00e4chsten fortgesetzt, [&hellip;]<\/p>\n","protected":false},"author":4,"featured_media":7748,"template":"","meta":{"_EventAllDay":false,"_EventTimezone":"Europe\/Berlin","_EventStartDate":"2025-06-20 17:00:00","_EventEndDate":"2025-06-20 17:30:00","_EventStartDateUTC":"2025-06-20 15:00:00","_EventEndDateUTC":"2025-06-20 15:30:00","_EventShowMap":true,"_EventShowMapLink":true,"_EventURL":"","_EventCost":"0","_EventCostDescription":"","_EventCurrencySymbol":"","_EventCurrencyCode":"","_EventCurrencyPosition":"suffix","_EventDateTimeSeparator":"","_EventTimeRangeSeparator":"","_EventOrganizerID":[],"_EventVenueID":[7995],"_OrganizerEmail":"","_OrganizerPhone":"","_OrganizerWebsite":"","_VenueAddress":"","_VenueCity":"","_VenueCountry":"","_VenueProvince":"","_VenueState":"","_VenueZip":"","_VenuePhone":"","_VenueURL":"","_VenueStateProvince":"","_VenueLat":"","_VenueLng":"","_VenueShowMap":false,"_VenueShowMapLink":false,"_tribe_events_status":"","_tribe_events_status_reason":"","footnotes":""},"tags":[],"tribe_events_cat":[51],"class_list":["post-7747","tribe_events","type-tribe_events","status-publish","has-post-thumbnail","hentry","tribe_events_cat-festival","cat_festival"],"_links":{"self":[{"href":"https:\/\/tanzmodernetanz.eu\/en\/wp-json\/wp\/v2\/tribe_events\/7747","targetHints":{"allow":["GET"]}}],"collection":[{"href":"https:\/\/tanzmodernetanz.eu\/en\/wp-json\/wp\/v2\/tribe_events"}],"about":[{"href":"https:\/\/tanzmodernetanz.eu\/en\/wp-json\/wp\/v2\/types\/tribe_events"}],"author":[{"embeddable":true,"href":"https:\/\/tanzmodernetanz.eu\/en\/wp-json\/wp\/v2\/users\/4"}],"version-history":[{"count":7,"href":"https:\/\/tanzmodernetanz.eu\/en\/wp-json\/wp\/v2\/tribe_events\/7747\/revisions"}],"predecessor-version":[{"id":8013,"href":"https:\/\/tanzmodernetanz.eu\/en\/wp-json\/wp\/v2\/tribe_events\/7747\/revisions\/8013"}],"wp:featuredmedia":[{"embeddable":true,"href":"https:\/\/tanzmodernetanz.eu\/en\/wp-json\/wp\/v2\/media\/7748"}],"wp:attachment":[{"href":"https:\/\/tanzmodernetanz.eu\/en\/wp-json\/wp\/v2\/media?parent=7747"}],"wp:term":[{"taxonomy":"post_tag","embeddable":true,"href":"https:\/\/tanzmodernetanz.eu\/en\/wp-json\/wp\/v2\/tags?post=7747"},{"taxonomy":"tribe_events_cat","embeddable":true,"href":"https:\/\/tanzmodernetanz.eu\/en\/wp-json\/wp\/v2\/tribe_events_cat?post=7747"}],"curies":[{"name":"wp","href":"https:\/\/api.w.org\/{rel}","templated":true}]}}

<p>[:de]Bei dieser Audioperformance erhält eine Gruppe von Zuhörern im öffentlichen Raum für 35 Minuten immer wieder Bewegungs-/Workout-Anweisungen für Körper und Gedanken. Von einer Stimme begonnen und von der nächsten fortgesetzt, entsteht so eine Reihe von Stimmen, die zusammen eine Landschaft aus Bewegung entwickeln. Konzipiert als Antwort auf die Pandemie verbindet die Performance die Menschen via Kopfhörer und erkundet Fragen nach den Erinnerungen, nach Nähe und danach, ob sich unsere Körper in dieser Zeit verändert haben. Der Körper im Raum zwischen Einsamkeit und Teilen. (Die Kopfhörern sind vor Ort für Jeden ausleihbar.)</p>
<p><strong>Konzept</strong>: Petra Tejnorová, Tereza Ondrová, Sodja Lotker<br />
<strong>Regie</strong>: Petra Tejnorová &amp; Co.<br />
<strong>Gesangschoreographie</strong>: Tereza Ondrová, Masako Matsushita, Ingvild Isaksen,<br />
Petra Hauerová, Sally E. Dean, Fredrik Petrov, Jonathan Ibsen<br />
<strong>Forschung mit Künstlern</strong>: Matthew, Rogers, Helena Arenbergerová, Tomáš Janypka<br />
<strong>Technische Produktion:</strong> Katarína Morávek Ďuricová<br />
<strong>Tongestaltung</strong>: Stanislav Abrahám<br />
<strong>Produktion</strong>: Temporäres Kollektiv / Daniela Řeháková<br />
<strong>Unterstützt von:</strong> Ministerium für Kultur der Tschechischen Republik, Stadt Prag, Creative Europe<br />
<strong>Dauer</strong>: 35 Minuten</p>
<p><strong>Bild:</strong>©Vojtěch Brtnický</p>
<p>&nbsp;</p>
<p><em>Das TANZ | MODERNE | TANZ internationales Festival für zeitgenössischen Tanz 2025 ist <strong>Programmpartner von Chemnitz 2025</strong>.</em></p>
<p id="block-ac832cf3-445e-40be-a128-67c0a5cad4d0"><em>Ein Projekt im Rahmen der Kulturhauptstadt Europas Chemnitz 2025. Diese Maßnahme wird mitfinanziert durch Steuermittel auf der Grundlage des vom Sächsischen Landtag beschlossenen Haushaltes und durch Bundesmittel der <a href="http://www.kulturstaatsministerin.de/">Beauftragten der Bundesregierung für Kultur und Medien.</a></em></p>
<figure class="wp-block-image size-large"><img loading="lazy" decoding="async" class="wp-image-7606" src="https://tanzmodernetanz.eu/wp-content/uploads/2025/01/Logos-Chemnitz2025-2-1024x307.png" sizes="auto, (max-width: 1024px) 100vw, 1024px" srcset="https://tanzmodernetanz.eu/wp-content/uploads/2025/01/Logos-Chemnitz2025-2-1024x307.png 1024w, https://tanzmodernetanz.eu/wp-content/uploads/2025/01/Logos-Chemnitz2025-2-300x90.png 300w, https://tanzmodernetanz.eu/wp-content/uploads/2025/01/Logos-Chemnitz2025-2-768x230.png 768w, https://tanzmodernetanz.eu/wp-content/uploads/2025/01/Logos-Chemnitz2025-2-1536x461.png 1536w, https://tanzmodernetanz.eu/wp-content/uploads/2025/01/Logos-Chemnitz2025-2-2048x614.png 2048w, https://tanzmodernetanz.eu/wp-content/uploads/2025/01/Logos-Chemnitz2025-2-1000x300.png 1000w, https://tanzmodernetanz.eu/wp-content/uploads/2025/01/Logos-Chemnitz2025-2-230x69.png 230w, https://tanzmodernetanz.eu/wp-content/uploads/2025/01/Logos-Chemnitz2025-2-350x105.png 350w, https://tanzmodernetanz.eu/wp-content/uploads/2025/01/Logos-Chemnitz2025-2-480x144.png 480w" alt="" width="574" height="172" /></figure>
<p id="block-ac832cf3-445e-40be-a128-67c0a5cad4d0">
<p>[:en]<span style="font-weight: 400;">In this audio performance, a group of listeners in a public space are repeatedly given movement/workout instructions for body and mind for 35 minutes. Started by one voice and continued by the next, this multimedia creates a series of voices that together develop a landscape of movement. Conceived as a response to the pandemic, the performance connects people via headphones and explores questions about memory, closeness, and whether our bodies have changed during this time. The performance explores the body&#8217;s space between loneliness and sharing. (Headphones can be borrowed on site for everyone.)</span></p>
<p><strong>Concept</strong>: Petra Tejnorová, Tereza Ondrová, Sodja Lotker<br />
<strong>Direction</strong>: Petra Tejnorová &amp; Co.<br />
<strong>Vocal choreography</strong>: Tereza Ondrová, Masako Matsushita, Ingvild Isaksen,<br />
Petra Hauerová, Sally E. Dean, Fredrik Petrov, Jonathan Ibsen<br />
<strong>Research with artists</strong>: Matthew, Rogers, Helena Arenbergerová, Tomáš Janypka<br />
<strong>Technical production:</strong> Katarína Morávek Ďuricová<br />
<strong>Sound design:</strong> Stanislav Abrahám<br />
<strong>Production:</strong> Temporary Collective / Daniela Řeháková<br />
<strong>Supported by:</strong> Ministry of Culture of the Czech Republic, City of Prague, Creative Europe<br />
<strong>Duration:</strong> 35 minutes</p>
<p><strong>Image: </strong>©Vojtěch Brtnický</p>
<p>&nbsp;</p>
<p><em>Das TANZ | MODERNE | TANZ internationales Festival für zeitgenössischen Tanz 2025 ist <strong>Programmpartner von Chemnitz 2025</strong>.</em></p>
<p id="block-ac832cf3-445e-40be-a128-67c0a5cad4d0"><em>Ein Projekt im Rahmen der Kulturhauptstadt Europas Chemnitz 2025. Diese Maßnahme wird mitfinanziert durch Steuermittel auf der Grundlage des vom Sächsischen Landtag beschlossenen Haushaltes und durch Bundesmittel der <a href="http://www.kulturstaatsministerin.de/">Beauftragten der Bundesregierung für Kultur und Medien.</a></em></p>
<figure class="wp-block-image size-large"><img loading="lazy" decoding="async" class="wp-image-7606" src="https://tanzmodernetanz.eu/wp-content/uploads/2025/01/Logos-Chemnitz2025-2-1024x307.png" sizes="auto, (max-width: 1024px) 100vw, 1024px" srcset="https://tanzmodernetanz.eu/wp-content/uploads/2025/01/Logos-Chemnitz2025-2-1024x307.png 1024w, https://tanzmodernetanz.eu/wp-content/uploads/2025/01/Logos-Chemnitz2025-2-300x90.png 300w, https://tanzmodernetanz.eu/wp-content/uploads/2025/01/Logos-Chemnitz2025-2-768x230.png 768w, https://tanzmodernetanz.eu/wp-content/uploads/2025/01/Logos-Chemnitz2025-2-1536x461.png 1536w, https://tanzmodernetanz.eu/wp-content/uploads/2025/01/Logos-Chemnitz2025-2-2048x614.png 2048w, https://tanzmodernetanz.eu/wp-content/uploads/2025/01/Logos-Chemnitz2025-2-1000x300.png 1000w, https://tanzmodernetanz.eu/wp-content/uploads/2025/01/Logos-Chemnitz2025-2-230x69.png 230w, https://tanzmodernetanz.eu/wp-content/uploads/2025/01/Logos-Chemnitz2025-2-350x105.png 350w, https://tanzmodernetanz.eu/wp-content/uploads/2025/01/Logos-Chemnitz2025-2-480x144.png 480w" alt="" width="574" height="172" /></figure>
<p>[:]</p>

<p>[:de]Bei dieser Audioperformance erhält eine Gruppe von Zuhörern im öffentlichen Raum für 35 Minuten immer wieder Bewegungs-/Workout-Anweisungen für Körper und Gedanken. Von einer Stimme begonnen und von der nächsten fortgesetzt, [&hellip;]</p>
