{"id":7771,"date":"2025-04-07T18:57:24","date_gmt":"2025-04-07T16:57:24","guid":{"rendered":"https:\/\/tanzmodernetanz.eu\/?post_type=tribe_events&#038;p=7771"},"modified":"2025-06-19T17:19:02","modified_gmt":"2025-06-19T15:19:02","slug":"langle-disparu-cie-retouramont-f","status":"publish","type":"tribe_events","link":"https:\/\/tanzmodernetanz.eu\/en\/veranstaltung\/langle-disparu-cie-retouramont-f\/","title":{"rendered":"L'ANGLE DISPARU - CIE RETOURAMONT (F)"},"content":{"rendered":"<p>[:de]Normalerweise stoppt eine Wand unseren Weg. Nicht so bei dieser Performance, in der die T\u00e4nzerin einfach an der Wand weiterl\u00e4uft, indem sie die Orientierung von der Vertikalen in die Horizontale \u00e4ndert. Ihr Gehen beschleunigt sich \u2013 vom Laufen zum Springen, die Ecke zwischen Boden und Wand scheint zu verschwinden und sie erobert die dritte Dimension Normalerweise findet der vertikale Tanz in der H\u00f6he statt, in einem f\u00fcr die Zuschauer unerreichbaren Anderswo. Bei dieser Performance aber schl\u00e4gt die T\u00e4nzerin ein ganz nahes Anderswo vor. Eine un\u00fcberwindbare Grenze wird por\u00f6s.<\/p>\n<p>Diese Veranstaltung findet drau\u00dfen vor der Hartmannfabrik statt.<\/p>\n<p><strong>K\u00fcnstlerische Leitung und Choreografie:<\/strong> Fabrice Guillot<br \/>\n<strong>Technische Einrichtung:<\/strong> Olivier Penel<br \/>\n<strong>Es tanzt:<\/strong> Cybille Soulier<br \/>\n<strong>Dauer<\/strong>: 25 Minuten<\/p>\n<p><strong>Bild:<\/strong> \u00a9St\u00e9phane Bluzat<\/p>\n<p>&nbsp;<\/p>\n<p><em>Das TANZ | MODERNE | TANZ internationales Festival f\u00fcr zeitgen\u00f6ssischen Tanz 2025 ist\u00a0<strong>Programmpartner von Chemnitz 2025<\/strong>.<\/em><\/p>\n<p id=\"block-ac832cf3-445e-40be-a128-67c0a5cad4d0\"><em>Ein Projekt im Rahmen der Kulturhauptstadt Europas Chemnitz 2025. Diese Ma\u00dfnahme wird mitfinanziert durch Steuermittel auf der Grundlage des vom S\u00e4chsischen Landtag beschlossenen Haushaltes und durch Bundesmittel der\u00a0<a href=\"http:\/\/www.kulturstaatsministerin.de\/\">Beauftragten der Bundesregierung f\u00fcr Kultur und Medien.<\/a><\/em><\/p>\n<p><img loading=\"lazy\" decoding=\"async\" class=\"wp-image-7606\" src=\"https:\/\/tanzmodernetanz.eu\/wp-content\/uploads\/2025\/01\/Logos-Chemnitz2025-2-1024x307.png\" sizes=\"auto, (max-width: 1024px) 100vw, 1024px\" srcset=\"https:\/\/tanzmodernetanz.eu\/wp-content\/uploads\/2025\/01\/Logos-Chemnitz2025-2-1024x307.png 1024w, https:\/\/tanzmodernetanz.eu\/wp-content\/uploads\/2025\/01\/Logos-Chemnitz2025-2-300x90.png 300w, https:\/\/tanzmodernetanz.eu\/wp-content\/uploads\/2025\/01\/Logos-Chemnitz2025-2-768x230.png 768w, https:\/\/tanzmodernetanz.eu\/wp-content\/uploads\/2025\/01\/Logos-Chemnitz2025-2-1536x461.png 1536w, https:\/\/tanzmodernetanz.eu\/wp-content\/uploads\/2025\/01\/Logos-Chemnitz2025-2-2048x614.png 2048w, https:\/\/tanzmodernetanz.eu\/wp-content\/uploads\/2025\/01\/Logos-Chemnitz2025-2-1000x300.png 1000w, https:\/\/tanzmodernetanz.eu\/wp-content\/uploads\/2025\/01\/Logos-Chemnitz2025-2-230x69.png 230w, https:\/\/tanzmodernetanz.eu\/wp-content\/uploads\/2025\/01\/Logos-Chemnitz2025-2-350x105.png 350w, https:\/\/tanzmodernetanz.eu\/wp-content\/uploads\/2025\/01\/Logos-Chemnitz2025-2-480x144.png 480w\" alt=\"\" width=\"574\" height=\"172\" \/>[:en]<span style=\"font-weight: 400;\">Normally, a wall stops our path. This is not the case in this performance, as the dancer seamlessly moves along the wall, shifting her orientation from vertical to horizontal. Her walking accelerates \u2014 from running to jumping, the corner between the floor and the wall seems to disappear, and she conquers the third dimension. Normally, vertical dance takes place at a height, in an otherworldly place that is inaccessible to the audience. However, in this performance, the dancer proposes a very close alternative reality. An insurmountable boundary becomes porous.<\/span><\/p>\n<p>This event takes place outside the Hartmannfabrik.<\/p>\n<p><strong>Artistic direction and choreography:<\/strong> Fabrice Guillot<br \/>\n<strong>Technical set-up:<\/strong> Olivier Penel<br \/>\n<strong>Dance:<\/strong> Cybille Soulier<br \/>\n<strong>Duration:<\/strong> 25 minutes<\/p>\n<p><strong>Image:<\/strong> \u00a9St\u00e9phane Bluzat<\/p>\n<p>&nbsp;<\/p>\n<p><em>Das TANZ | MODERNE | TANZ internationales Festival f\u00fcr zeitgen\u00f6ssischen Tanz 2025 ist <strong>Programmpartner von Chemnitz 2025<\/strong>.<\/em><\/p>\n<p><em>Ein Projekt im Rahmen der Kulturhauptstadt Europas Chemnitz 2025. Diese Ma\u00dfnahme wird mitfinanziert durch Steuermittel auf der Grundlage des vom S\u00e4chsischen Landtag beschlossenen Haushaltes und durch Bundesmittel der\u00a0<a href=\"http:\/\/www.kulturstaatsministerin.de\/\">Beauftragten der Bundesregierung f\u00fcr Kultur und Medien<\/a><\/em><\/p>\n<p><img loading=\"lazy\" decoding=\"async\" class=\"wp-image-7606\" src=\"https:\/\/tanzmodernetanz.eu\/wp-content\/uploads\/2025\/01\/Logos-Chemnitz2025-2-1024x307.png\" sizes=\"auto, (max-width: 1024px) 100vw, 1024px\" srcset=\"https:\/\/tanzmodernetanz.eu\/wp-content\/uploads\/2025\/01\/Logos-Chemnitz2025-2-1024x307.png 1024w, https:\/\/tanzmodernetanz.eu\/wp-content\/uploads\/2025\/01\/Logos-Chemnitz2025-2-300x90.png 300w, https:\/\/tanzmodernetanz.eu\/wp-content\/uploads\/2025\/01\/Logos-Chemnitz2025-2-768x230.png 768w, https:\/\/tanzmodernetanz.eu\/wp-content\/uploads\/2025\/01\/Logos-Chemnitz2025-2-1536x461.png 1536w, https:\/\/tanzmodernetanz.eu\/wp-content\/uploads\/2025\/01\/Logos-Chemnitz2025-2-2048x614.png 2048w, https:\/\/tanzmodernetanz.eu\/wp-content\/uploads\/2025\/01\/Logos-Chemnitz2025-2-1000x300.png 1000w, https:\/\/tanzmodernetanz.eu\/wp-content\/uploads\/2025\/01\/Logos-Chemnitz2025-2-230x69.png 230w, https:\/\/tanzmodernetanz.eu\/wp-content\/uploads\/2025\/01\/Logos-Chemnitz2025-2-350x105.png 350w, https:\/\/tanzmodernetanz.eu\/wp-content\/uploads\/2025\/01\/Logos-Chemnitz2025-2-480x144.png 480w\" alt=\"\" width=\"574\" height=\"172\" \/><\/p>\n<p id=\"block-ac832cf3-445e-40be-a128-67c0a5cad4d0\">\n<p>[:]<\/p>\n","protected":false},"excerpt":{"rendered":"<p>[:de]Normalerweise stoppt eine Wand unseren Weg. Nicht so bei dieser Performance, in der die T\u00e4nzerin einfach an der Wand weiterl\u00e4uft, indem sie die Orientierung von der Vertikalen in die Horizontale [&hellip;]<\/p>\n","protected":false},"author":4,"featured_media":7772,"template":"","meta":{"_EventAllDay":false,"_EventTimezone":"Europe\/Berlin","_EventStartDate":"2025-06-20 19:00:00","_EventEndDate":"2025-06-20 19:30:00","_EventStartDateUTC":"2025-06-20 17:00:00","_EventEndDateUTC":"2025-06-20 17:30:00","_EventShowMap":true,"_EventShowMapLink":true,"_EventURL":"","_EventCost":"0","_EventCostDescription":"","_EventCurrencySymbol":"","_EventCurrencyCode":"","_EventCurrencyPosition":"suffix","_EventDateTimeSeparator":"","_EventTimeRangeSeparator":"","_EventOrganizerID":[],"_EventVenueID":[7997],"_OrganizerEmail":"","_OrganizerPhone":"","_OrganizerWebsite":"","_VenueAddress":"","_VenueCity":"","_VenueCountry":"","_VenueProvince":"","_VenueState":"","_VenueZip":"","_VenuePhone":"","_VenueURL":"","_VenueStateProvince":"","_VenueLat":"","_VenueLng":"","_VenueShowMap":false,"_VenueShowMapLink":false,"_tribe_events_status":"","_tribe_events_status_reason":"","footnotes":""},"tags":[],"tribe_events_cat":[51],"class_list":["post-7771","tribe_events","type-tribe_events","status-publish","has-post-thumbnail","hentry","tribe_events_cat-festival","cat_festival"],"_links":{"self":[{"href":"https:\/\/tanzmodernetanz.eu\/en\/wp-json\/wp\/v2\/tribe_events\/7771","targetHints":{"allow":["GET"]}}],"collection":[{"href":"https:\/\/tanzmodernetanz.eu\/en\/wp-json\/wp\/v2\/tribe_events"}],"about":[{"href":"https:\/\/tanzmodernetanz.eu\/en\/wp-json\/wp\/v2\/types\/tribe_events"}],"author":[{"embeddable":true,"href":"https:\/\/tanzmodernetanz.eu\/en\/wp-json\/wp\/v2\/users\/4"}],"version-history":[{"count":6,"href":"https:\/\/tanzmodernetanz.eu\/en\/wp-json\/wp\/v2\/tribe_events\/7771\/revisions"}],"predecessor-version":[{"id":8167,"href":"https:\/\/tanzmodernetanz.eu\/en\/wp-json\/wp\/v2\/tribe_events\/7771\/revisions\/8167"}],"wp:featuredmedia":[{"embeddable":true,"href":"https:\/\/tanzmodernetanz.eu\/en\/wp-json\/wp\/v2\/media\/7772"}],"wp:attachment":[{"href":"https:\/\/tanzmodernetanz.eu\/en\/wp-json\/wp\/v2\/media?parent=7771"}],"wp:term":[{"taxonomy":"post_tag","embeddable":true,"href":"https:\/\/tanzmodernetanz.eu\/en\/wp-json\/wp\/v2\/tags?post=7771"},{"taxonomy":"tribe_events_cat","embeddable":true,"href":"https:\/\/tanzmodernetanz.eu\/en\/wp-json\/wp\/v2\/tribe_events_cat?post=7771"}],"curies":[{"name":"wp","href":"https:\/\/api.w.org\/{rel}","templated":true}]}}

<p>[:de]Normalerweise stoppt eine Wand unseren Weg. Nicht so bei dieser Performance, in der die Tänzerin einfach an der Wand weiterläuft, indem sie die Orientierung von der Vertikalen in die Horizontale ändert. Ihr Gehen beschleunigt sich – vom Laufen zum Springen, die Ecke zwischen Boden und Wand scheint zu verschwinden und sie erobert die dritte Dimension Normalerweise findet der vertikale Tanz in der Höhe statt, in einem für die Zuschauer unerreichbaren Anderswo. Bei dieser Performance aber schlägt die Tänzerin ein ganz nahes Anderswo vor. Eine unüberwindbare Grenze wird porös.</p>
<p>Diese Veranstaltung findet draußen vor der Hartmannfabrik statt.</p>
<p><strong>Künstlerische Leitung und Choreografie:</strong> Fabrice Guillot<br />
<strong>Technische Einrichtung:</strong> Olivier Penel<br />
<strong>Es tanzt:</strong> Cybille Soulier<br />
<strong>Dauer</strong>: 25 Minuten</p>
<p><strong>Bild:</strong> ©Stéphane Bluzat</p>
<p>&nbsp;</p>
<p><em>Das TANZ | MODERNE | TANZ internationales Festival für zeitgenössischen Tanz 2025 ist <strong>Programmpartner von Chemnitz 2025</strong>.</em></p>
<p id="block-ac832cf3-445e-40be-a128-67c0a5cad4d0"><em>Ein Projekt im Rahmen der Kulturhauptstadt Europas Chemnitz 2025. Diese Maßnahme wird mitfinanziert durch Steuermittel auf der Grundlage des vom Sächsischen Landtag beschlossenen Haushaltes und durch Bundesmittel der <a href="http://www.kulturstaatsministerin.de/">Beauftragten der Bundesregierung für Kultur und Medien.</a></em></p>
<p><img loading="lazy" decoding="async" class="wp-image-7606" src="https://tanzmodernetanz.eu/wp-content/uploads/2025/01/Logos-Chemnitz2025-2-1024x307.png" sizes="auto, (max-width: 1024px) 100vw, 1024px" srcset="https://tanzmodernetanz.eu/wp-content/uploads/2025/01/Logos-Chemnitz2025-2-1024x307.png 1024w, https://tanzmodernetanz.eu/wp-content/uploads/2025/01/Logos-Chemnitz2025-2-300x90.png 300w, https://tanzmodernetanz.eu/wp-content/uploads/2025/01/Logos-Chemnitz2025-2-768x230.png 768w, https://tanzmodernetanz.eu/wp-content/uploads/2025/01/Logos-Chemnitz2025-2-1536x461.png 1536w, https://tanzmodernetanz.eu/wp-content/uploads/2025/01/Logos-Chemnitz2025-2-2048x614.png 2048w, https://tanzmodernetanz.eu/wp-content/uploads/2025/01/Logos-Chemnitz2025-2-1000x300.png 1000w, https://tanzmodernetanz.eu/wp-content/uploads/2025/01/Logos-Chemnitz2025-2-230x69.png 230w, https://tanzmodernetanz.eu/wp-content/uploads/2025/01/Logos-Chemnitz2025-2-350x105.png 350w, https://tanzmodernetanz.eu/wp-content/uploads/2025/01/Logos-Chemnitz2025-2-480x144.png 480w" alt="" width="574" height="172" />[:en]<span style="font-weight: 400;">Normally, a wall stops our path. This is not the case in this performance, as the dancer seamlessly moves along the wall, shifting her orientation from vertical to horizontal. Her walking accelerates — from running to jumping, the corner between the floor and the wall seems to disappear, and she conquers the third dimension. Normally, vertical dance takes place at a height, in an otherworldly place that is inaccessible to the audience. However, in this performance, the dancer proposes a very close alternative reality. An insurmountable boundary becomes porous.</span></p>
<p>This event takes place outside the Hartmannfabrik.</p>
<p><strong>Artistic direction and choreography:</strong> Fabrice Guillot<br />
<strong>Technical set-up:</strong> Olivier Penel<br />
<strong>Dance:</strong> Cybille Soulier<br />
<strong>Duration:</strong> 25 minutes</p>
<p><strong>Image:</strong> ©Stéphane Bluzat</p>
<p>&nbsp;</p>
<p><em>Das TANZ | MODERNE | TANZ internationales Festival für zeitgenössischen Tanz 2025 ist <strong>Programmpartner von Chemnitz 2025</strong>.</em></p>
<p><em>Ein Projekt im Rahmen der Kulturhauptstadt Europas Chemnitz 2025. Diese Maßnahme wird mitfinanziert durch Steuermittel auf der Grundlage des vom Sächsischen Landtag beschlossenen Haushaltes und durch Bundesmittel der <a href="http://www.kulturstaatsministerin.de/">Beauftragten der Bundesregierung für Kultur und Medien</a></em></p>
<p><img loading="lazy" decoding="async" class="wp-image-7606" src="https://tanzmodernetanz.eu/wp-content/uploads/2025/01/Logos-Chemnitz2025-2-1024x307.png" sizes="auto, (max-width: 1024px) 100vw, 1024px" srcset="https://tanzmodernetanz.eu/wp-content/uploads/2025/01/Logos-Chemnitz2025-2-1024x307.png 1024w, https://tanzmodernetanz.eu/wp-content/uploads/2025/01/Logos-Chemnitz2025-2-300x90.png 300w, https://tanzmodernetanz.eu/wp-content/uploads/2025/01/Logos-Chemnitz2025-2-768x230.png 768w, https://tanzmodernetanz.eu/wp-content/uploads/2025/01/Logos-Chemnitz2025-2-1536x461.png 1536w, https://tanzmodernetanz.eu/wp-content/uploads/2025/01/Logos-Chemnitz2025-2-2048x614.png 2048w, https://tanzmodernetanz.eu/wp-content/uploads/2025/01/Logos-Chemnitz2025-2-1000x300.png 1000w, https://tanzmodernetanz.eu/wp-content/uploads/2025/01/Logos-Chemnitz2025-2-230x69.png 230w, https://tanzmodernetanz.eu/wp-content/uploads/2025/01/Logos-Chemnitz2025-2-350x105.png 350w, https://tanzmodernetanz.eu/wp-content/uploads/2025/01/Logos-Chemnitz2025-2-480x144.png 480w" alt="" width="574" height="172" /></p>
<p id="block-ac832cf3-445e-40be-a128-67c0a5cad4d0">
<p>[:]</p>

<p>[:de]Normalerweise stoppt eine Wand unseren Weg. Nicht so bei dieser Performance, in der die Tänzerin einfach an der Wand weiterläuft, indem sie die Orientierung von der Vertikalen in die Horizontale [&hellip;]</p>
