{"id":7802,"date":"2025-04-07T20:16:17","date_gmt":"2025-04-07T18:16:17","guid":{"rendered":"https:\/\/tanzmodernetanz.eu\/?post_type=tribe_events&#038;p=7802"},"modified":"2025-05-05T12:34:56","modified_gmt":"2025-05-05T10:34:56","slug":"ware-mono-kaori-ito-jp","status":"publish","type":"tribe_events","link":"https:\/\/tanzmodernetanz.eu\/en\/veranstaltung\/ware-mono-kaori-ito-jp\/","title":{"rendered":"WAR\u00c9 MONO - KAORI ITO (JP)"},"content":{"rendered":"<p>[:de]<span style=\"font-weight: 400;\">Irgendwo zwischen gestischem Theater, Breakdance und zeitgen\u00f6ssischem Tanz tr\u00e4gt das Duo einen Kampf aus, mal wild, dann wieder z\u00e4rtlich. Als Tiere, Monster oder Zwillinge erfinden sie nach und nach ein Ritual, das sie vereint. Dazu reparieren sie eine kaputte Marionette, ein \u00dcberbleibsel einer verletzten Kindheit \u2013 und lassen sich dabei von der japanischen Kunst Kintsugi inspirieren, bei der zerbrochene Gegenst\u00e4nde mit Gold wieder zusammengef\u00fcgt werden, wobei die Risse sichtbar bleiben, ja fast vergr\u00f6\u00dfert werden. Geht das auch mit den Wunden der Kindheit? K\u00f6nnen sie wertvoll sein, wenn man sie veredelt? Kaori Ito, die k\u00fcnstlerische Leiterin des Th\u00e9\u00e2tre Jeune Public (TJP) am Centre Dramatique National Strasbourg, hat diese faszinierende Choreogafie f\u00fcr Kinder ab 6 Jahren gestaltet.<\/span><\/p>\n<p><b>K\u00fcnstlerische Leitung und Choreografie: <\/b><span style=\"font-weight: 400;\">Kaori Ito<br \/>\n<\/span><b>Es tanzen: <\/b>Issue Park, No\u00e9mie Ettlin<br \/>\n<b>Lichtdesign<\/b>: Arno Veyrat<br \/>\n<b>Sounddesign<\/b> Adrian Maury<br \/>\n<b>Marionettengestaltung<\/b>: Paulo Duarte<br \/>\n<b>Dauer: <\/b>45 Minuten<\/p>\n<p><strong>Bild:\u00a0<\/strong> \u00a9Anaiis Baseilhac<\/p>\n<p>&nbsp;<\/p>\n<p><img loading=\"lazy\" decoding=\"async\" class=\"alignnone wp-image-7838\" src=\"https:\/\/tanzmodernetanz.eu\/wp-content\/uploads\/2025\/04\/2-2.-EU_Japan_logo_colour_300dpi.jpg\" alt=\"\" width=\"80\" height=\"98\" srcset=\"https:\/\/tanzmodernetanz.eu\/wp-content\/uploads\/2025\/04\/2-2.-EU_Japan_logo_colour_300dpi.jpg 1875w, https:\/\/tanzmodernetanz.eu\/wp-content\/uploads\/2025\/04\/2-2.-EU_Japan_logo_colour_300dpi-246x300.jpg 246w, https:\/\/tanzmodernetanz.eu\/wp-content\/uploads\/2025\/04\/2-2.-EU_Japan_logo_colour_300dpi-839x1024.jpg 839w, https:\/\/tanzmodernetanz.eu\/wp-content\/uploads\/2025\/04\/2-2.-EU_Japan_logo_colour_300dpi-768x937.jpg 768w, https:\/\/tanzmodernetanz.eu\/wp-content\/uploads\/2025\/04\/2-2.-EU_Japan_logo_colour_300dpi-1259x1536.jpg 1259w, https:\/\/tanzmodernetanz.eu\/wp-content\/uploads\/2025\/04\/2-2.-EU_Japan_logo_colour_300dpi-1678x2048.jpg 1678w, https:\/\/tanzmodernetanz.eu\/wp-content\/uploads\/2025\/04\/2-2.-EU_Japan_logo_colour_300dpi-1000x1220.jpg 1000w, https:\/\/tanzmodernetanz.eu\/wp-content\/uploads\/2025\/04\/2-2.-EU_Japan_logo_colour_300dpi-230x281.jpg 230w, https:\/\/tanzmodernetanz.eu\/wp-content\/uploads\/2025\/04\/2-2.-EU_Japan_logo_colour_300dpi-350x427.jpg 350w, https:\/\/tanzmodernetanz.eu\/wp-content\/uploads\/2025\/04\/2-2.-EU_Japan_logo_colour_300dpi-480x586.jpg 480w\" sizes=\"auto, (max-width: 80px) 100vw, 80px\" \/><\/p>\n<p>&nbsp;<\/p>\n<p id=\"block-ac832cf3-445e-40be-a128-67c0a5cad4d0\"><em>Das TANZ | MODERNE | TANZ internationales Festival f\u00fcr zeitgen\u00f6ssischen Tanz 2025 ist\u00a0<strong>Programmpartner von Chemnitz 2025<\/strong>.<\/em><\/p>\n<p><em>Ein Projekt im Rahmen der Kulturhauptstadt Europas Chemnitz 2025. Diese Ma\u00dfnahme wird mitfinanziert durch Steuermittel auf der Grundlage des vom S\u00e4chsischen Landtag beschlossenen Haushaltes und durch Bundesmittel der\u00a0<a href=\"http:\/\/www.kulturstaatsministerin.de\/\">Beauftragten der Bundesregierung f\u00fcr Kultur und Medien.<\/a><\/em><\/p>\n<p><img loading=\"lazy\" decoding=\"async\" class=\"alignnone wp-image-7606\" src=\"https:\/\/tanzmodernetanz.eu\/wp-content\/uploads\/2025\/01\/Logos-Chemnitz2025-2.png\" alt=\"\" width=\"537\" height=\"161\" srcset=\"https:\/\/tanzmodernetanz.eu\/wp-content\/uploads\/2025\/01\/Logos-Chemnitz2025-2.png 5100w, https:\/\/tanzmodernetanz.eu\/wp-content\/uploads\/2025\/01\/Logos-Chemnitz2025-2-300x90.png 300w, https:\/\/tanzmodernetanz.eu\/wp-content\/uploads\/2025\/01\/Logos-Chemnitz2025-2-1024x307.png 1024w, https:\/\/tanzmodernetanz.eu\/wp-content\/uploads\/2025\/01\/Logos-Chemnitz2025-2-768x230.png 768w, https:\/\/tanzmodernetanz.eu\/wp-content\/uploads\/2025\/01\/Logos-Chemnitz2025-2-1536x461.png 1536w, https:\/\/tanzmodernetanz.eu\/wp-content\/uploads\/2025\/01\/Logos-Chemnitz2025-2-2048x614.png 2048w, https:\/\/tanzmodernetanz.eu\/wp-content\/uploads\/2025\/01\/Logos-Chemnitz2025-2-1000x300.png 1000w, https:\/\/tanzmodernetanz.eu\/wp-content\/uploads\/2025\/01\/Logos-Chemnitz2025-2-230x69.png 230w, https:\/\/tanzmodernetanz.eu\/wp-content\/uploads\/2025\/01\/Logos-Chemnitz2025-2-350x105.png 350w, https:\/\/tanzmodernetanz.eu\/wp-content\/uploads\/2025\/01\/Logos-Chemnitz2025-2-480x144.png 480w\" sizes=\"auto, (max-width: 537px) 100vw, 537px\" \/>[:en]<\/p>\n<p class=\"\" data-start=\"128\" data-end=\"353\">Somewhere between gestural theatre, breakdance, and contemporary dance, the duo engages in a battle\u2014sometimes wild, sometimes tender. As animals\u2014monsters or twins\u2014they gradually invent a ritual that unites them. They repair a broken marionette, a remnant of a wounded childhood, and draw inspiration from the Japanese art of Kintsugi, in which broken objects are reassembled with gold\u2014leaving the cracks visible, even magnified. Is this type of repair also possible for wounds from childhood? Can we refine these scars and make them valuable? Kaori Ito, artistic director of the Th\u00e9\u00e2tre Jeune Public (TJP) at the Centre Dramatique National Strasbourg, has created this fascinating choreography for children aged 6 and over.<\/p>\n<p><strong>Artistic direction and choreography:<\/strong> Kaori Ito<br \/>\n<strong>Dance:<\/strong> Issue Park, No\u00e9mie Ettlin<br \/>\n<strong>Light design:<\/strong> Arno Veyrat<br \/>\n<strong>Sound design:<\/strong> Adrian Maury<br \/>\n<strong>Puppet design:<\/strong> Paulo Duarte<br \/>\n<strong>Duration:<\/strong> 45 minutes<\/p>\n<p><strong>Image:<\/strong> \u00a9Anaiis Baseilhac<\/p>\n<p>&nbsp;<\/p>\n<p><img loading=\"lazy\" decoding=\"async\" class=\"alignnone wp-image-7838\" src=\"https:\/\/tanzmodernetanz.eu\/wp-content\/uploads\/2025\/04\/2-2.-EU_Japan_logo_colour_300dpi.jpg\" alt=\"\" width=\"80\" height=\"98\" srcset=\"https:\/\/tanzmodernetanz.eu\/wp-content\/uploads\/2025\/04\/2-2.-EU_Japan_logo_colour_300dpi.jpg 1875w, https:\/\/tanzmodernetanz.eu\/wp-content\/uploads\/2025\/04\/2-2.-EU_Japan_logo_colour_300dpi-246x300.jpg 246w, https:\/\/tanzmodernetanz.eu\/wp-content\/uploads\/2025\/04\/2-2.-EU_Japan_logo_colour_300dpi-839x1024.jpg 839w, https:\/\/tanzmodernetanz.eu\/wp-content\/uploads\/2025\/04\/2-2.-EU_Japan_logo_colour_300dpi-768x937.jpg 768w, https:\/\/tanzmodernetanz.eu\/wp-content\/uploads\/2025\/04\/2-2.-EU_Japan_logo_colour_300dpi-1259x1536.jpg 1259w, https:\/\/tanzmodernetanz.eu\/wp-content\/uploads\/2025\/04\/2-2.-EU_Japan_logo_colour_300dpi-1678x2048.jpg 1678w, https:\/\/tanzmodernetanz.eu\/wp-content\/uploads\/2025\/04\/2-2.-EU_Japan_logo_colour_300dpi-1000x1220.jpg 1000w, https:\/\/tanzmodernetanz.eu\/wp-content\/uploads\/2025\/04\/2-2.-EU_Japan_logo_colour_300dpi-230x281.jpg 230w, https:\/\/tanzmodernetanz.eu\/wp-content\/uploads\/2025\/04\/2-2.-EU_Japan_logo_colour_300dpi-350x427.jpg 350w, https:\/\/tanzmodernetanz.eu\/wp-content\/uploads\/2025\/04\/2-2.-EU_Japan_logo_colour_300dpi-480x586.jpg 480w\" sizes=\"auto, (max-width: 80px) 100vw, 80px\" \/><\/p>\n<p>&nbsp;<\/p>\n<p id=\"block-ac832cf3-445e-40be-a128-67c0a5cad4d0\"><em>Das TANZ | MODERNE | TANZ internationales Festival f\u00fcr zeitgen\u00f6ssischen Tanz 2025 ist\u00a0<strong>Programmpartner von Chemnitz 2025<\/strong>.<\/em><\/p>\n<p><em>Ein Projekt im Rahmen der Kulturhauptstadt Europas Chemnitz 2025. Diese Ma\u00dfnahme wird mitfinanziert durch Steuermittel auf der Grundlage des vom S\u00e4chsischen Landtag beschlossenen Haushaltes und durch Bundesmittel der\u00a0<a href=\"http:\/\/www.kulturstaatsministerin.de\/\">Beauftragten der Bundesregierung f\u00fcr Kultur und Medien.<\/a><\/em><\/p>\n<p><img loading=\"lazy\" decoding=\"async\" class=\"alignnone wp-image-7606\" src=\"https:\/\/tanzmodernetanz.eu\/wp-content\/uploads\/2025\/01\/Logos-Chemnitz2025-2.png\" alt=\"\" width=\"537\" height=\"161\" srcset=\"https:\/\/tanzmodernetanz.eu\/wp-content\/uploads\/2025\/01\/Logos-Chemnitz2025-2.png 5100w, https:\/\/tanzmodernetanz.eu\/wp-content\/uploads\/2025\/01\/Logos-Chemnitz2025-2-300x90.png 300w, https:\/\/tanzmodernetanz.eu\/wp-content\/uploads\/2025\/01\/Logos-Chemnitz2025-2-1024x307.png 1024w, https:\/\/tanzmodernetanz.eu\/wp-content\/uploads\/2025\/01\/Logos-Chemnitz2025-2-768x230.png 768w, https:\/\/tanzmodernetanz.eu\/wp-content\/uploads\/2025\/01\/Logos-Chemnitz2025-2-1536x461.png 1536w, https:\/\/tanzmodernetanz.eu\/wp-content\/uploads\/2025\/01\/Logos-Chemnitz2025-2-2048x614.png 2048w, https:\/\/tanzmodernetanz.eu\/wp-content\/uploads\/2025\/01\/Logos-Chemnitz2025-2-1000x300.png 1000w, https:\/\/tanzmodernetanz.eu\/wp-content\/uploads\/2025\/01\/Logos-Chemnitz2025-2-230x69.png 230w, https:\/\/tanzmodernetanz.eu\/wp-content\/uploads\/2025\/01\/Logos-Chemnitz2025-2-350x105.png 350w, https:\/\/tanzmodernetanz.eu\/wp-content\/uploads\/2025\/01\/Logos-Chemnitz2025-2-480x144.png 480w\" sizes=\"auto, (max-width: 537px) 100vw, 537px\" \/>[:]<\/p>\n","protected":false},"excerpt":{"rendered":"<p>[:de]Irgendwo zwischen gestischem Theater, Breakdance und zeitgen\u00f6ssischem Tanz tr\u00e4gt das Duo einen Kampf aus, mal wild, dann wieder z\u00e4rtlich. Als Tiere, Monster oder Zwillinge erfinden sie nach und nach ein [&hellip;]<\/p>\n","protected":false},"author":4,"featured_media":7873,"template":"","meta":{"_EventAllDay":false,"_EventTimezone":"Europe\/Berlin","_EventStartDate":"2025-06-12 18:00:00","_EventEndDate":"2025-06-12 18:45:00","_EventStartDateUTC":"2025-06-12 16:00:00","_EventEndDateUTC":"2025-06-12 16:45:00","_EventShowMap":true,"_EventShowMapLink":true,"_EventURL":"https:\/\/tickets.theater-chemnitz.de\/SelectSeats?ret=2&e=14843","_EventCost":"12","_EventCostDescription":"","_EventCurrencySymbol":"\u20ac","_EventCurrencyCode":"","_EventCurrencyPosition":"suffix","_EventDateTimeSeparator":"","_EventTimeRangeSeparator":"","_EventOrganizerID":[],"_EventVenueID":[7804],"_OrganizerEmail":"","_OrganizerPhone":"","_OrganizerWebsite":"","_VenueAddress":"","_VenueCity":"","_VenueCountry":"","_VenueProvince":"","_VenueState":"","_VenueZip":"","_VenuePhone":"","_VenueURL":"","_VenueStateProvince":"","_VenueLat":"","_VenueLng":"","_VenueShowMap":false,"_VenueShowMapLink":false,"_tribe_events_status":"","_tribe_events_status_reason":"","footnotes":""},"tags":[],"tribe_events_cat":[51],"class_list":["post-7802","tribe_events","type-tribe_events","status-publish","has-post-thumbnail","hentry","tribe_events_cat-festival","cat_festival"],"_links":{"self":[{"href":"https:\/\/tanzmodernetanz.eu\/en\/wp-json\/wp\/v2\/tribe_events\/7802","targetHints":{"allow":["GET"]}}],"collection":[{"href":"https:\/\/tanzmodernetanz.eu\/en\/wp-json\/wp\/v2\/tribe_events"}],"about":[{"href":"https:\/\/tanzmodernetanz.eu\/en\/wp-json\/wp\/v2\/types\/tribe_events"}],"author":[{"embeddable":true,"href":"https:\/\/tanzmodernetanz.eu\/en\/wp-json\/wp\/v2\/users\/4"}],"version-history":[{"count":6,"href":"https:\/\/tanzmodernetanz.eu\/en\/wp-json\/wp\/v2\/tribe_events\/7802\/revisions"}],"predecessor-version":[{"id":7967,"href":"https:\/\/tanzmodernetanz.eu\/en\/wp-json\/wp\/v2\/tribe_events\/7802\/revisions\/7967"}],"wp:featuredmedia":[{"embeddable":true,"href":"https:\/\/tanzmodernetanz.eu\/en\/wp-json\/wp\/v2\/media\/7873"}],"wp:attachment":[{"href":"https:\/\/tanzmodernetanz.eu\/en\/wp-json\/wp\/v2\/media?parent=7802"}],"wp:term":[{"taxonomy":"post_tag","embeddable":true,"href":"https:\/\/tanzmodernetanz.eu\/en\/wp-json\/wp\/v2\/tags?post=7802"},{"taxonomy":"tribe_events_cat","embeddable":true,"href":"https:\/\/tanzmodernetanz.eu\/en\/wp-json\/wp\/v2\/tribe_events_cat?post=7802"}],"curies":[{"name":"wp","href":"https:\/\/api.w.org\/{rel}","templated":true}]}}

WARÉ MONO - KAORI ITO (JP)

<p>[:de]<span style="font-weight: 400;">Irgendwo zwischen gestischem Theater, Breakdance und zeitgenössischem Tanz trägt das Duo einen Kampf aus, mal wild, dann wieder zärtlich. Als Tiere, Monster oder Zwillinge erfinden sie nach und nach ein Ritual, das sie vereint. Dazu reparieren sie eine kaputte Marionette, ein Überbleibsel einer verletzten Kindheit – und lassen sich dabei von der japanischen Kunst Kintsugi inspirieren, bei der zerbrochene Gegenstände mit Gold wieder zusammengefügt werden, wobei die Risse sichtbar bleiben, ja fast vergrößert werden. Geht das auch mit den Wunden der Kindheit? Können sie wertvoll sein, wenn man sie veredelt? Kaori Ito, die künstlerische Leiterin des Théâtre Jeune Public (TJP) am Centre Dramatique National Strasbourg, hat diese faszinierende Choreogafie für Kinder ab 6 Jahren gestaltet.</span></p>
<p><b>Künstlerische Leitung und Choreografie: </b><span style="font-weight: 400;">Kaori Ito<br />
</span><b>Es tanzen: </b>Issue Park, Noémie Ettlin<br />
<b>Lichtdesign</b>: Arno Veyrat<br />
<b>Sounddesign</b> Adrian Maury<br />
<b>Marionettengestaltung</b>: Paulo Duarte<br />
<b>Dauer: </b>45 Minuten</p>
<p><strong>Bild: </strong> ©Anaiis Baseilhac</p>
<p>&nbsp;</p>
<p><img loading="lazy" decoding="async" class="alignnone wp-image-7838" src="https://tanzmodernetanz.eu/wp-content/uploads/2025/04/2-2.-EU_Japan_logo_colour_300dpi.jpg" alt="" width="80" height="98" srcset="https://tanzmodernetanz.eu/wp-content/uploads/2025/04/2-2.-EU_Japan_logo_colour_300dpi.jpg 1875w, https://tanzmodernetanz.eu/wp-content/uploads/2025/04/2-2.-EU_Japan_logo_colour_300dpi-246x300.jpg 246w, https://tanzmodernetanz.eu/wp-content/uploads/2025/04/2-2.-EU_Japan_logo_colour_300dpi-839x1024.jpg 839w, https://tanzmodernetanz.eu/wp-content/uploads/2025/04/2-2.-EU_Japan_logo_colour_300dpi-768x937.jpg 768w, https://tanzmodernetanz.eu/wp-content/uploads/2025/04/2-2.-EU_Japan_logo_colour_300dpi-1259x1536.jpg 1259w, https://tanzmodernetanz.eu/wp-content/uploads/2025/04/2-2.-EU_Japan_logo_colour_300dpi-1678x2048.jpg 1678w, https://tanzmodernetanz.eu/wp-content/uploads/2025/04/2-2.-EU_Japan_logo_colour_300dpi-1000x1220.jpg 1000w, https://tanzmodernetanz.eu/wp-content/uploads/2025/04/2-2.-EU_Japan_logo_colour_300dpi-230x281.jpg 230w, https://tanzmodernetanz.eu/wp-content/uploads/2025/04/2-2.-EU_Japan_logo_colour_300dpi-350x427.jpg 350w, https://tanzmodernetanz.eu/wp-content/uploads/2025/04/2-2.-EU_Japan_logo_colour_300dpi-480x586.jpg 480w" sizes="auto, (max-width: 80px) 100vw, 80px" /></p>
<p>&nbsp;</p>
<p id="block-ac832cf3-445e-40be-a128-67c0a5cad4d0"><em>Das TANZ | MODERNE | TANZ internationales Festival für zeitgenössischen Tanz 2025 ist <strong>Programmpartner von Chemnitz 2025</strong>.</em></p>
<p><em>Ein Projekt im Rahmen der Kulturhauptstadt Europas Chemnitz 2025. Diese Maßnahme wird mitfinanziert durch Steuermittel auf der Grundlage des vom Sächsischen Landtag beschlossenen Haushaltes und durch Bundesmittel der <a href="http://www.kulturstaatsministerin.de/">Beauftragten der Bundesregierung für Kultur und Medien.</a></em></p>
<p><img loading="lazy" decoding="async" class="alignnone wp-image-7606" src="https://tanzmodernetanz.eu/wp-content/uploads/2025/01/Logos-Chemnitz2025-2.png" alt="" width="537" height="161" srcset="https://tanzmodernetanz.eu/wp-content/uploads/2025/01/Logos-Chemnitz2025-2.png 5100w, https://tanzmodernetanz.eu/wp-content/uploads/2025/01/Logos-Chemnitz2025-2-300x90.png 300w, https://tanzmodernetanz.eu/wp-content/uploads/2025/01/Logos-Chemnitz2025-2-1024x307.png 1024w, https://tanzmodernetanz.eu/wp-content/uploads/2025/01/Logos-Chemnitz2025-2-768x230.png 768w, https://tanzmodernetanz.eu/wp-content/uploads/2025/01/Logos-Chemnitz2025-2-1536x461.png 1536w, https://tanzmodernetanz.eu/wp-content/uploads/2025/01/Logos-Chemnitz2025-2-2048x614.png 2048w, https://tanzmodernetanz.eu/wp-content/uploads/2025/01/Logos-Chemnitz2025-2-1000x300.png 1000w, https://tanzmodernetanz.eu/wp-content/uploads/2025/01/Logos-Chemnitz2025-2-230x69.png 230w, https://tanzmodernetanz.eu/wp-content/uploads/2025/01/Logos-Chemnitz2025-2-350x105.png 350w, https://tanzmodernetanz.eu/wp-content/uploads/2025/01/Logos-Chemnitz2025-2-480x144.png 480w" sizes="auto, (max-width: 537px) 100vw, 537px" />[:en]</p>
<p class="" data-start="128" data-end="353">Somewhere between gestural theatre, breakdance, and contemporary dance, the duo engages in a battle—sometimes wild, sometimes tender. As animals—monsters or twins—they gradually invent a ritual that unites them. They repair a broken marionette, a remnant of a wounded childhood, and draw inspiration from the Japanese art of Kintsugi, in which broken objects are reassembled with gold—leaving the cracks visible, even magnified. Is this type of repair also possible for wounds from childhood? Can we refine these scars and make them valuable? Kaori Ito, artistic director of the Théâtre Jeune Public (TJP) at the Centre Dramatique National Strasbourg, has created this fascinating choreography for children aged 6 and over.</p>
<p><strong>Artistic direction and choreography:</strong> Kaori Ito<br />
<strong>Dance:</strong> Issue Park, Noémie Ettlin<br />
<strong>Light design:</strong> Arno Veyrat<br />
<strong>Sound design:</strong> Adrian Maury<br />
<strong>Puppet design:</strong> Paulo Duarte<br />
<strong>Duration:</strong> 45 minutes</p>
<p><strong>Image:</strong> ©Anaiis Baseilhac</p>
<p>&nbsp;</p>
<p><img loading="lazy" decoding="async" class="alignnone wp-image-7838" src="https://tanzmodernetanz.eu/wp-content/uploads/2025/04/2-2.-EU_Japan_logo_colour_300dpi.jpg" alt="" width="80" height="98" srcset="https://tanzmodernetanz.eu/wp-content/uploads/2025/04/2-2.-EU_Japan_logo_colour_300dpi.jpg 1875w, https://tanzmodernetanz.eu/wp-content/uploads/2025/04/2-2.-EU_Japan_logo_colour_300dpi-246x300.jpg 246w, https://tanzmodernetanz.eu/wp-content/uploads/2025/04/2-2.-EU_Japan_logo_colour_300dpi-839x1024.jpg 839w, https://tanzmodernetanz.eu/wp-content/uploads/2025/04/2-2.-EU_Japan_logo_colour_300dpi-768x937.jpg 768w, https://tanzmodernetanz.eu/wp-content/uploads/2025/04/2-2.-EU_Japan_logo_colour_300dpi-1259x1536.jpg 1259w, https://tanzmodernetanz.eu/wp-content/uploads/2025/04/2-2.-EU_Japan_logo_colour_300dpi-1678x2048.jpg 1678w, https://tanzmodernetanz.eu/wp-content/uploads/2025/04/2-2.-EU_Japan_logo_colour_300dpi-1000x1220.jpg 1000w, https://tanzmodernetanz.eu/wp-content/uploads/2025/04/2-2.-EU_Japan_logo_colour_300dpi-230x281.jpg 230w, https://tanzmodernetanz.eu/wp-content/uploads/2025/04/2-2.-EU_Japan_logo_colour_300dpi-350x427.jpg 350w, https://tanzmodernetanz.eu/wp-content/uploads/2025/04/2-2.-EU_Japan_logo_colour_300dpi-480x586.jpg 480w" sizes="auto, (max-width: 80px) 100vw, 80px" /></p>
<p>&nbsp;</p>
<p id="block-ac832cf3-445e-40be-a128-67c0a5cad4d0"><em>Das TANZ | MODERNE | TANZ internationales Festival für zeitgenössischen Tanz 2025 ist <strong>Programmpartner von Chemnitz 2025</strong>.</em></p>
<p><em>Ein Projekt im Rahmen der Kulturhauptstadt Europas Chemnitz 2025. Diese Maßnahme wird mitfinanziert durch Steuermittel auf der Grundlage des vom Sächsischen Landtag beschlossenen Haushaltes und durch Bundesmittel der <a href="http://www.kulturstaatsministerin.de/">Beauftragten der Bundesregierung für Kultur und Medien.</a></em></p>
<p><img loading="lazy" decoding="async" class="alignnone wp-image-7606" src="https://tanzmodernetanz.eu/wp-content/uploads/2025/01/Logos-Chemnitz2025-2.png" alt="" width="537" height="161" srcset="https://tanzmodernetanz.eu/wp-content/uploads/2025/01/Logos-Chemnitz2025-2.png 5100w, https://tanzmodernetanz.eu/wp-content/uploads/2025/01/Logos-Chemnitz2025-2-300x90.png 300w, https://tanzmodernetanz.eu/wp-content/uploads/2025/01/Logos-Chemnitz2025-2-1024x307.png 1024w, https://tanzmodernetanz.eu/wp-content/uploads/2025/01/Logos-Chemnitz2025-2-768x230.png 768w, https://tanzmodernetanz.eu/wp-content/uploads/2025/01/Logos-Chemnitz2025-2-1536x461.png 1536w, https://tanzmodernetanz.eu/wp-content/uploads/2025/01/Logos-Chemnitz2025-2-2048x614.png 2048w, https://tanzmodernetanz.eu/wp-content/uploads/2025/01/Logos-Chemnitz2025-2-1000x300.png 1000w, https://tanzmodernetanz.eu/wp-content/uploads/2025/01/Logos-Chemnitz2025-2-230x69.png 230w, https://tanzmodernetanz.eu/wp-content/uploads/2025/01/Logos-Chemnitz2025-2-350x105.png 350w, https://tanzmodernetanz.eu/wp-content/uploads/2025/01/Logos-Chemnitz2025-2-480x144.png 480w" sizes="auto, (max-width: 537px) 100vw, 537px" />[:]</p>

<p>[:de]Irgendwo zwischen gestischem Theater, Breakdance und zeitgenössischem Tanz trägt das Duo einen Kampf aus, mal wild, dann wieder zärtlich. Als Tiere, Monster oder Zwillinge erfinden sie nach und nach ein [&hellip;]</p>
