{"id":7882,"date":"2025-04-15T14:04:15","date_gmt":"2025-04-15T12:04:15","guid":{"rendered":"https:\/\/tanzmodernetanz.eu\/?post_type=tribe_events&#038;p=7882"},"modified":"2025-09-19T18:27:08","modified_gmt":"2025-09-19T16:27:08","slug":"mini-movers-tanzspass-fuer-kleine-entdecker","status":"publish","type":"tribe_events","link":"https:\/\/tanzmodernetanz.eu\/en\/veranstaltung\/mini-movers-tanzspass-fuer-kleine-entdecker\/","title":{"rendered":"[:de]MINI MOVERS &#8211; Kreativer Tanzspa\u00df f\u00fcr kleine Entdecker![:en]MINI MOVERS &#8211; Creative Dance for the little ones[:]"},"content":{"rendered":"<p>[:de]<span style=\"font-weight: 400;\"><strong>MINI MOVERS<\/strong> geht weiter !! Ein kreatives <\/span><b>Programm f\u00fcr Kinder von 3 bis 8 Jahren.\u00a0<\/b><\/p>\n<p><span style=\"font-weight: 400;\">Wir laden kleine T\u00e4nzerinnen und T\u00e4nzer zu unserer ersten spielerischen Entdeckungsreise in die Welt des Balletts ein. In der 30-min\u00fctigen Session k\u00f6nnen die Kinder:<\/span><\/p>\n<ul>\n<li style=\"font-weight: 400;\" aria-level=\"1\"><b>Kreativ tanzen<\/b><span style=\"font-weight: 400;\"> &amp; sich zu Musik bewegen<\/span><\/li>\n<li style=\"font-weight: 400;\" aria-level=\"1\"><b>Ballettfilme <\/b><span style=\"font-weight: 400;\">anschauen &amp; spannende Geschichten h\u00f6ren<\/span><\/li>\n<li style=\"font-weight: 400;\" aria-level=\"1\"><span style=\"font-weight: 400;\">Einfache <\/span><b>Ballettbewegungen spielerisch erlernen<\/b><\/li>\n<li style=\"font-weight: 400;\" aria-level=\"1\"><span style=\"font-weight: 400;\">Alles \u00fcber Ballett, Tanz und Theater erfahren und vielleicht eine echte Ballerina erleben<\/span><\/li>\n<\/ul>\n<p>(Das Programm variiert etwas je nach Termin)<\/p>\n<p><b>Mini-Movers ist die perfekte Gelegenheit, um Tanz und Theater mit viel Freude und Fantasie zu erleben.\u00a0<\/b><\/p>\n<p><b>Wann?<\/b><span style=\"font-weight: 400;\"> An einem <strong>Samstag<\/strong> im Monat (Termine siehe TANZB\u00fcro Kalender) &#8211;<strong> 10:30 bis 11:00\u00a0<\/strong><\/span><\/p>\n<p><b>Wo? TANZB\u00fcro (im Kulturkaufhaus Tietz &#8211; ( <\/b><a href=\"https:\/\/www.google.com\/maps\/place\/\/data=!4m2!3m1!1s0x47a7465d6d00eb0f:0x2a3566a9fbe5dba4?sa=X&amp;ved=1t:8290&amp;ictx=111\"><b>Moritzstra\u00dfe 20, 09111 Chemnitz<\/b><\/a><b>)\u00a0<\/b><\/p>\n<p><span style=\"font-weight: 400;\">Keine Voranmeldung n\u00f6tig! Kommt aber gerne in bequemen Klamotten.\u00a0<\/span><\/p>\n<p><b>Wir freuen uns auf euch \ud83d\ude42 !<\/b><i><span style=\"font-weight: 400;\">\u00a0<\/span><\/i><\/p>\n<p>&nbsp;<\/p>\n<p>&nbsp;<\/p>\n<p>Bild: (c) Silvana Carlos[:en]<strong>MINI MOVERS continues!!<\/strong> A creative program for children ages 3 to 8.<\/p>\n<p>We invite little dancers on their first <strong>playful journey of discovery into the world of ballet<\/strong>. During the 30-minute session, children can:<\/p>\n<ul>\n<li>Dance creatively and move to music<\/li>\n<li>Watch ballet films and listen to exciting stories<\/li>\n<li>Learn simple ballet moves in a playful way<\/li>\n<li>Learn all about ballet, dance, and theater, and perhaps even meet a real ballerina<\/li>\n<\/ul>\n<p>(The program varies slightly depending on the date)<\/p>\n<p>Mini-Movers is the perfect opportunity to <strong>experience dance and theater with lots of fun and imagination<\/strong>.<\/p>\n<p><strong>When<\/strong>? One Saturday a month (see the TANZB\u00fcro calendar for dates) &#8211; 10:30 to 11:00<\/p>\n<p><strong>Where<\/strong>? TANZB\u00fcro (at the Tietz Cultural Department Store &#8211; Moritzstra\u00dfe 20, 09111 Chemnitz)<\/p>\n<p>&nbsp;<\/p>\n<p>No pre-registration necessary! But please feel free to wear comfortable clothes.<\/p>\n<p>Come along and move with us \ud83d\ude42 ![:]<\/p>\n","protected":false},"excerpt":{"rendered":"<p>[:de]MINI MOVERS geht weiter !! Ein kreatives Programm f\u00fcr Kinder von 3 bis 8 Jahren.\u00a0 Wir laden kleine T\u00e4nzerinnen und T\u00e4nzer zu unserer ersten spielerischen Entdeckungsreise in die Welt des [&hellip;]<\/p>\n","protected":false},"author":4,"featured_media":8262,"template":"","meta":{"_EventAllDay":false,"_EventTimezone":"Europe\/Berlin","_EventStartDate":"2025-09-27 10:30:00","_EventEndDate":"2025-09-27 11:00:00","_EventStartDateUTC":"2025-09-27 08:30:00","_EventEndDateUTC":"2025-09-27 09:00:00","_EventShowMap":true,"_EventShowMapLink":true,"_EventURL":"","_EventCost":"0","_EventCostDescription":"","_EventCurrencySymbol":"\u20ac","_EventCurrencyCode":"","_EventCurrencyPosition":"suffix","_EventDateTimeSeparator":"","_EventTimeRangeSeparator":"","_EventOrganizerID":[],"_EventVenueID":[3628],"_OrganizerEmail":"","_OrganizerPhone":"","_OrganizerWebsite":"","_VenueAddress":"","_VenueCity":"","_VenueCountry":"","_VenueProvince":"","_VenueState":"","_VenueZip":"","_VenuePhone":"","_VenueURL":"","_VenueStateProvince":"","_VenueLat":"","_VenueLng":"","_VenueShowMap":false,"_VenueShowMapLink":false,"_tribe_events_status":"","_tribe_events_status_reason":"","footnotes":""},"tags":[],"tribe_events_cat":[],"class_list":["post-7882","tribe_events","type-tribe_events","status-publish","has-post-thumbnail","hentry"],"_links":{"self":[{"href":"https:\/\/tanzmodernetanz.eu\/en\/wp-json\/wp\/v2\/tribe_events\/7882","targetHints":{"allow":["GET"]}}],"collection":[{"href":"https:\/\/tanzmodernetanz.eu\/en\/wp-json\/wp\/v2\/tribe_events"}],"about":[{"href":"https:\/\/tanzmodernetanz.eu\/en\/wp-json\/wp\/v2\/types\/tribe_events"}],"author":[{"embeddable":true,"href":"https:\/\/tanzmodernetanz.eu\/en\/wp-json\/wp\/v2\/users\/4"}],"version-history":[{"count":10,"href":"https:\/\/tanzmodernetanz.eu\/en\/wp-json\/wp\/v2\/tribe_events\/7882\/revisions"}],"predecessor-version":[{"id":8282,"href":"https:\/\/tanzmodernetanz.eu\/en\/wp-json\/wp\/v2\/tribe_events\/7882\/revisions\/8282"}],"wp:featuredmedia":[{"embeddable":true,"href":"https:\/\/tanzmodernetanz.eu\/en\/wp-json\/wp\/v2\/media\/8262"}],"wp:attachment":[{"href":"https:\/\/tanzmodernetanz.eu\/en\/wp-json\/wp\/v2\/media?parent=7882"}],"wp:term":[{"taxonomy":"post_tag","embeddable":true,"href":"https:\/\/tanzmodernetanz.eu\/en\/wp-json\/wp\/v2\/tags?post=7882"},{"taxonomy":"tribe_events_cat","embeddable":true,"href":"https:\/\/tanzmodernetanz.eu\/en\/wp-json\/wp\/v2\/tribe_events_cat?post=7882"}],"curies":[{"name":"wp","href":"https:\/\/api.w.org\/{rel}","templated":true}]}}

[:de]MINI MOVERS &#8211; Kreativer Tanzspaß für kleine Entdecker![:en]MINI MOVERS &#8211; Creative Dance for the little ones[:]

<p>[:de]<span style="font-weight: 400;"><strong>MINI MOVERS</strong> geht weiter !! Ein kreatives </span><b>Programm für Kinder von 3 bis 8 Jahren. </b></p>
<p><span style="font-weight: 400;">Wir laden kleine Tänzerinnen und Tänzer zu unserer ersten spielerischen Entdeckungsreise in die Welt des Balletts ein. In der 30-minütigen Session können die Kinder:</span></p>
<ul>
<li style="font-weight: 400;" aria-level="1"><b>Kreativ tanzen</b><span style="font-weight: 400;"> &amp; sich zu Musik bewegen</span></li>
<li style="font-weight: 400;" aria-level="1"><b>Ballettfilme </b><span style="font-weight: 400;">anschauen &amp; spannende Geschichten hören</span></li>
<li style="font-weight: 400;" aria-level="1"><span style="font-weight: 400;">Einfache </span><b>Ballettbewegungen spielerisch erlernen</b></li>
<li style="font-weight: 400;" aria-level="1"><span style="font-weight: 400;">Alles über Ballett, Tanz und Theater erfahren und vielleicht eine echte Ballerina erleben</span></li>
</ul>
<p>(Das Programm variiert etwas je nach Termin)</p>
<p><b>Mini-Movers ist die perfekte Gelegenheit, um Tanz und Theater mit viel Freude und Fantasie zu erleben. </b></p>
<p><b>Wann?</b><span style="font-weight: 400;"> An einem <strong>Samstag</strong> im Monat (Termine siehe TANZBüro Kalender) &#8211;<strong> 10:30 bis 11:00 </strong></span></p>
<p><b>Wo? TANZBüro (im Kulturkaufhaus Tietz &#8211; ( </b><a href="https://www.google.com/maps/place//data=!4m2!3m1!1s0x47a7465d6d00eb0f:0x2a3566a9fbe5dba4?sa=X&amp;ved=1t:8290&amp;ictx=111"><b>Moritzstraße 20, 09111 Chemnitz</b></a><b>) </b></p>
<p><span style="font-weight: 400;">Keine Voranmeldung nötig! Kommt aber gerne in bequemen Klamotten. </span></p>
<p><b>Wir freuen uns auf euch 🙂 !</b><i><span style="font-weight: 400;"> </span></i></p>
<p>&nbsp;</p>
<p>&nbsp;</p>
<p>Bild: (c) Silvana Carlos[:en]<strong>MINI MOVERS continues!!</strong> A creative program for children ages 3 to 8.</p>
<p>We invite little dancers on their first <strong>playful journey of discovery into the world of ballet</strong>. During the 30-minute session, children can:</p>
<ul>
<li>Dance creatively and move to music</li>
<li>Watch ballet films and listen to exciting stories</li>
<li>Learn simple ballet moves in a playful way</li>
<li>Learn all about ballet, dance, and theater, and perhaps even meet a real ballerina</li>
</ul>
<p>(The program varies slightly depending on the date)</p>
<p>Mini-Movers is the perfect opportunity to <strong>experience dance and theater with lots of fun and imagination</strong>.</p>
<p><strong>When</strong>? One Saturday a month (see the TANZBüro calendar for dates) &#8211; 10:30 to 11:00</p>
<p><strong>Where</strong>? TANZBüro (at the Tietz Cultural Department Store &#8211; Moritzstraße 20, 09111 Chemnitz)</p>
<p>&nbsp;</p>
<p>No pre-registration necessary! But please feel free to wear comfortable clothes.</p>
<p>Come along and move with us 🙂 ![:]</p>

<p>[:de]MINI MOVERS geht weiter !! Ein kreatives Programm für Kinder von 3 bis 8 Jahren.  Wir laden kleine Tänzerinnen und Tänzer zu unserer ersten spielerischen Entdeckungsreise in die Welt des [&hellip;]</p>
